me factors of b(m).
2, 13
Let z(h) = 14*h + 7. List the prime factors of z(4).
3, 7
Let x be 2/(-8) + 2/8. Let j(g) = 2*g**2 + x*g**2 + 0*g + 3 + 1 + 8*g. What are the prime factors of j(-5)?
2, 7
Let q(w) = -6*w**2 - 3*w - 2. Let k(i) = 5*i**2 + 3*i + 1. Let y(m) = 5*k(m) + 4*q(m). List the prime factors of y(-6).
3, 5
Let s be 2*(1 - -1 - 0). List the prime factors of ((-6)/s)/((-1)/6).
3
Let x(o) be the third derivative of o**5/30 - o**4/12 + 5*o**3/6 - 5*o**2. List the prime factors of x(-3).
29
Suppose -p - 6*p + 217 = 0. What are the prime factors of p?
31
Suppose 0 = -6*x + 5*x + 8. Suppose x = -0*d + 2*d. List the prime factors of d.
2
Let a be -3 + 5/(-2 - -3). Suppose 0 = -2*s + l + 13, 17 = -a*s - 6*l + l. Suppose -2*t + s*c = -4, t + 0*c - 1 = 3*c. What are the prime factors of t?
2
Let o = 27 - 10. What are the prime factors of o?
17
Let w(p) = 7*p. Let d(f) = f. Let s(z) = -30*d(z) + 5*w(z). Let g(q) = q**2 - 4*q + 2. Let c be g(4). What are the prime factors of s(c)?
2, 5
Suppose 3*g = -4*t + 14, -3*t - 2*t + 25 = 0. Let l(m) = 2*m + 3. Let z be l(g). What are the prime factors of 35/(-20)*(z + -3)?
7
Let q(p) = p**3 + 14*p**2 + 8*p + 8. What are the prime factors of q(-13)?
73
Suppose 6*j - 1045 = j. What are the prime factors of j?
11, 19
Let n = -61 - -88. Suppose -5*w = 5*k - 15, -k + n = 5*w - 2*k. List the prime factors of w.
5
List the prime factors of ((-3)/5)/((-5)/175).
3, 7
Let y be (-2)/3*(-387)/3. Suppose -3*f - y = -5*m, -3*f = -2*m - 2*f + 34. List the prime factors of m.
2
Let g(t) = 8*t + 4. Let i be (-4)/1 - -2 - 2. Let a be g(i). What are the prime factors of a/(-6)*9/6?
7
Let r(n) = 0*n**2 + 0*n**2 + 6*n**3 + n**2 + 1 - 2*n. What are the prime factors of r(1)?
2, 3
Let z = -7 + 18. Suppose 4*r = 4*y - 32, -y + 5*r + 1 + z = 0. List the prime factors of y.
7
Suppose -4*j + 2 = -50. Suppose 0 + j = h. List the prime factors of h.
13
Let m = -2 + 4. Let f = m - 2. Let p(z) = z**3 - z**2 - z + 12. List the prime factors of p(f).
2, 3
Suppose 0 = -6*t + t - 60. Let n = t - -27. What are the prime factors of n?
3, 5
Let l(a) = -a**2 + 5*a + 8. Let o be l(6). Suppose b + 3*s = 8*s + 14, -o*s - 28 = -2*b. List the prime factors of b.
2, 7
Let i = 85 - 48. What are the prime factors of i?
37
Let w = 4 - -7. Let f(g) = -g**3 + 11*g**2 - 2. Let x be f(w). What are the prime factors of -1*-26*x/(-4)?
13
Suppose a - 4*t = -2*t - 10, 10 = 5*a + 2*t. Let x(u) = -u**3 + u**2 + 7. Let w be x(a). Let j = 2 + w. List the prime factors of j.
3
Let t(h) = -h**2 + 2*h + 7. Let v be t(3). Suppose v*s + 15 - 139 = 0. What are the prime factors of s?
31
Suppose -10 = 3*j - 5*j. Suppose 3*n = z - j, -2*n - 20 = -6*n - 4*z. Suppose -4*f - 33 = -2*v - f, n = 5*v + 2*f - 35. What are the prime factors of v?
3
Let r = -17 - -27. Suppose 11 = -h - 0. What are the prime factors of (h/2)/((-5)/r)?
11
What are the prime factors of (-2)/(-11) + (-3261)/(-33)?
3, 11
Let b = 11 - -27. What are the prime factors of b?
2, 19
Let o(u) be the second derivative of -u**3/6 + u**2 + 2*u. What are the prime factors of o(-2)?
2
Let g(o) = 3*o + 3. Let d be g(-3). Let p be (20/(-6))/(4/d). Suppose p*k + 0 = -10, -3*i + 22 = k. List the prime factors of i.
2
Suppose 0 = 4*i + 3*l - 113, 0*i - 3*i - 3*l = -84. What are the prime factors of i?
29
Let q(x) = 2*x**2 - 2*x - 2. Let c be q(3). Let g be (-2)/2 - (0 + c). Let u = 20 + g. List the prime factors of u.
3
Let q be 0*(0 - 4/(-8)). Suppose q = 2*p - 4*p + 42. What are the prime factors of p?
3, 7
Let h = -32 - -105. List the prime factors of h.
73
Let p = -2 - -4. Suppose 0*m = p*m - 170. Suppose 0 = l + 4*l - m. List the prime factors of l.
17
Let x(o) = 4*o + 2. Let h be x(3). Suppose 5*t + 0*t = -a + h, -2*a + 3*t = -2. List the prime factors of a.
2
Let j = 35 - -11. What are the prime factors of j?
2, 23
Suppose -29 = 5*m + 281. Let s = -38 - m. List the prime factors of s.
2, 3
Suppose t = 4*t - 12. Suppose 4*h + 2*l - 30 = 4*l, 0 = -h - t*l + 21. List the prime factors of h.
3
Suppose 251 = 7*u - 50. What are the prime factors of u?
43
Let y(p) = 2*p + 1. Let z(n) = n**2 - 5*n. Let a be z(6). What are the prime factors of y(a)?
13
Let q = 105 - -33. What are the prime factors of q?
2, 3, 23
Let t = 0 - -2. Suppose t*g - 5*g = 21. Let z = g + 11. What are the prime factors of z?
2
Let l = 13 + -18. Let w(i) = i**2 + 4*i - 3. Let b be w(-5). List the prime factors of (-2 + b + -1)*l.
5
Suppose 4*n = -3*c + 108, -2*c - 2*c = n - 40. Suppose -11 = -5*a - 5*q + n, 2*a = -q + 18. List the prime factors of a.
11
Let n be 3/6 + (-345)/(-6). Let x = n + -40. List the prime factors of x.
2, 3
Let g = 45 - 14. List the prime factors of g.
31
Suppose -a + 0*l - 3 = 2*l, -5*a = -2*l - 9. List the prime factors of (22/(-4))/(a/(-2)).
11
Let m(j) = 12*j - 11. Let z(n) = -6*n + 5. Let q(d) = -3*m(d) - 5*z(d). Let k be q(-6). Suppose -5*l = -l - k. List the prime factors of l.
11
Let n(p) = 11*p - 3. Let w be n(-3). List the prime factors of w/((-15)/6 + 1).
2, 3
Suppose 0 = -8*p + 3*p. Suppose 0 = d - 2*d + 4, -3*b + 5*d - 14 = p. Suppose -3*w - b*w = -35. What are the prime factors of w?
7
Suppose v + 72 = 2*s - 2*v, -3*s + 108 = 2*v. What are the prime factors of s?
2, 3
Suppose -2*m = 6*m - 1080. What are the prime factors of m?
3, 5
Let s = 202 - 109. What are the prime factors of s?
3, 31
Let k(d) = -d**3 - d**2 + d + 4. Let r be k(0). What are the prime factors of (2/4)/(r/40)?
5
What are the prime factors of (-8)/(-36) - 3751/(-9)?
3, 139
Let t be -4*(2 + 19/(-2)). Suppose d = -d + t. What are the prime factors of d?
3, 5
Let n(r) = 3*r**2 - 5*r - 5. What are the prime factors of n(5)?
3, 5
Let o = -6 - -10. Suppose -c + 5*p - 18 + o = 0, 2*c - 5*p + 8 = 0. What are the prime factors of c?
2, 3
Let s(p) = p**3 + 11*p**2 + 9*p. What are the prime factors of s(-10)?
2, 5
Let f(x) = 3*x**2 + 2*x - 2. Let b be f(1). Suppose 4*o = -0 - 4, -2*a = -b*o - 65. List the prime factors of a.
31
Let u(k) = -k - 4. Let d be u(-8). Suppose -3*h = -3*g - d*h + 7, -2*g = 3*h. Suppose -9 = -g*a, m - 2*a = 2*a - 6. What are the prime factors of m?
2, 3
Let h(p) = -2*p - 13. Let m(k) = -1. Let j(v) = -h(v) + 5*m(v). Let t be j(-7). Let l = 10 + t. What are the prime factors of l?
2
Let s = 196 - 118. What are the prime factors of s?
2, 3, 13
Let j(c) = 14*c**2 + 3*c - 4. What are the prime factors of j(-2)?
2, 23
Suppose 0*u - 24 = -4*u. List the prime factors of u.
2, 3
Let f = 10 - -63. Suppose -4*b = -2*y + 70, 5*y + 3*b - 300 = -f. List the prime factors of y.
43
Suppose 5*x = j + 2099, -26*j + 24*j - 846 = -2*x. List the prime factors of x.
419
Let j = -4 + 9. Let y(o) = -o**2 + 6*o - 1. List the prime factors of y(j).
2
Suppose -44 = -7*c + 3*c. Let h(s) = 3*s - 7. What are the prime factors of h(c)?
2, 13
Suppose 54 = 4*b - 10. What are the prime factors of (b/24)/((-2)/(-123))?
41
Suppose s = 4*s - 6. What are the prime factors of s?
2
Suppose 5*j = 2*j + 15. Suppose 4*k = 3*k + j*i + 35, 4*i = 3*k - 50. List the prime factors of k.
2, 5
Let d(l) = 4*l**2 + 5*l - 18. What are the prime factors of d(-8)?
2, 3, 11
Let n be ((-18)/3 - 2)/(-2). Suppose 4*b - n = 24. List the prime factors of b.
7
Let r = 4 - 9. Let b = r - -20. List the prime factors of b.
3, 5
Let r = -236 + 396. List the prime factors of r.
2, 5
What are the prime factors of 246/4 + 3/6?
2, 31
Suppose -3 = -2*t + 2*q - 1, -2*q + 2 = 0. Let d be (-6 + 7)*12*t. Suppose -k + 12 = 4*w, -w + 4*k + k = -d. List the prime factors of w.
2
List the prime factors of 113 - (-11)/(44/(-8)).
3, 37
Let k(m) = m + 23 + 4 + 19 - 11. List the prime factors of k(0).
5, 7
Let p(r) be the first derivative of r**3/3 + 5*r**2/2 - 3*r + 6. What are the prime factors of p(-8)?
3, 7
Let r(z) be the first derivative of -2*z**2 - 2*z - 1. Suppose 64*q + 16 = 60*q. List the prime factors of r(q).
2, 7
Suppose 0 = 5*v + 3*b - 16, -3*b - 9 - 10 = -2*v. Suppose -2*q + 111 = v*t, 2*t - 20 = -2*t. List the prime factors of q.
43
Suppose 0*g = -5*w - 5*g + 10, -2*g = 0. Let p = w - -18. List the prime factors of p.
2, 5
Let o be -2 - (1 + 0) - -48. Suppose 0*n = -3*n + o. Suppose 0 = 3*s - 0*s - n. List the prime factors of s.
5
Let f = 20 + -16. Suppose -2*v + f*v - 6 = 0. List t